{"id":3326,"date":"2018-11-13T14:04:03","date_gmt":"2018-11-13T13:04:03","guid":{"rendered":"https:\/\/www.legrandhoteltours.com\/location-de-salle\/salon-bar-chareau\/"},"modified":"2024-07-03T17:51:22","modified_gmt":"2024-07-03T15:51:22","slug":"salon-bar-chareau","status":"publish","type":"page","link":"https:\/\/www.legrandhoteltours.com\/es\/alquiler-de-sala-en-tours\/salon-bar-chareau\/","title":{"rendered":"Sal\u00f3n-bar Chareau"},"content":{"rendered":"<p>El sal\u00f3n-bar Chareau est\u00e1 situado en la planta baja.<\/p>\n<p>Este sal\u00f3n-bar de 55 m\u00b2 es ideal para sus reuniones, conferencias, <em>showroom<\/em>, sesiones de formaci\u00f3n, c\u00f3cteles, etc.<\/p>\n<p>Dispone de un punto de agua y una nevera.<\/p>\n<p><strong>Capacidad del Sal\u00f3n-bar Chareau en funci\u00f3n de las distintas distribuciones posibles:<\/strong><\/p>\n<table class=\"oct_table_salle\">\n<tbody>\n<tr>\n<td><img data-dominant-color=\"d5d5d5\" data-has-transparency=\"false\" style=\"--dominant-color: #d5d5d5;\" decoding=\"async\" class=\"aligncenter wp-image-332 not-transparent\" src=\"https:\/\/www.legrandhoteltours.com\/wp-content\/uploads\/photo-636295010295298358-1.jpeg\" alt=\"\"><\/td>\n<td><img data-dominant-color=\"c7c7c7\" data-has-transparency=\"false\" style=\"--dominant-color: #c7c7c7;\" decoding=\"async\" class=\"wp-image-334 aligncenter not-transparent\" src=\"https:\/\/www.legrandhoteltours.com\/wp-content\/uploads\/photo-636295010446901832-1.jpeg\" alt=\"\"><\/td>\n<td><img data-dominant-color=\"cecece\" data-has-transparency=\"false\" style=\"--dominant-color: #cecece;\" decoding=\"async\" class=\"aligncenter wp-image-336 not-transparent\" src=\"https:\/\/www.legrandhoteltours.com\/wp-content\/uploads\/photo-636295010509459206-1.jpeg\" alt=\"\"><\/td>\n<td><img data-dominant-color=\"dddddd\" data-has-transparency=\"false\" style=\"--dominant-color: #dddddd;\" decoding=\"async\" class=\"aligncenter wp-image-338 not-transparent\" src=\"https:\/\/www.legrandhoteltours.com\/wp-content\/uploads\/photo-636295010660396884-1.jpeg\" alt=\"\"><\/td>\n<td><img data-dominant-color=\"d9d9d9\" data-has-transparency=\"false\" style=\"--dominant-color: #d9d9d9;\" decoding=\"async\" class=\"aligncenter wp-image-340 not-transparent\" src=\"https:\/\/www.legrandhoteltours.com\/wp-content\/uploads\/photo-636295010707897016-1.jpeg\" alt=\"\"><\/td>\n<td><img data-dominant-color=\"d4d4d4\" data-has-transparency=\"false\" style=\"--dominant-color: #d4d4d4;\" decoding=\"async\" class=\"aligncenter wp-image-342 not-transparent\" src=\"https:\/\/www.legrandhoteltours.com\/wp-content\/uploads\/photo-636295010742287825-1.jpeg\" alt=\"\"><\/td>\n<\/tr>\n<tr>\n<td>\n<h3>15<\/h3>\n<\/td>\n<td>\n<h3>15<\/h3>\n<\/td>\n<td>\n<h3>20<\/h3>\n<\/td>\n<td>\n<h3>40<\/h3>\n<\/td>\n<td>\n<h3>50<\/h3>\n<\/td>\n<td>\n<h3>30<\/h3>\n<\/td>\n<\/tr>\n<\/tbody>\n<\/table>\n<p>&nbsp;<\/p>\n<p><strong>Las salas tienen aire acondicionado, luz natural y cuentan con el siguiente equipamiento:<\/strong><\/p>\n<ul>\n<li>Conexi\u00f3n internet WIFI<\/li>\n<li>Pantalla<\/li>\n<li>Rotafolio<\/li>\n<li>Material de papeler\u00eda<\/li>\n<li>Agua para las mesas<\/li>\n<li>Previa petici\u00f3n, podremos proporcionarle un equipamiento espec\u00edfico (videoproyector, equipo de sonido, nevera, espejos, biombos, etc.).<\/li>\n<\/ul>\n<p>&nbsp;<\/p>\n<p><strong><em>El Grand H\u00f4tel de Tours recupera la esencia de los a\u00f1os 30.<\/em><\/strong><\/p>\n<p><em>Cuando se construy\u00f3 el hotel, el decorador Pierre Chareau hab\u00eda imaginado un sal\u00f3n de correspondencia y lectura en la planta baja. Hoy, completamente restaurado en sus vol\u00famenes de origen con sus luminarias y sus elementos de decoraci\u00f3n, se ha convertido en el bar del Grand H\u00f4tel de Tours.<\/em><\/p>\n<p>&nbsp;<\/p>\n","protected":false},"excerpt":{"rendered":"<p>El sal\u00f3n-bar Chareau est\u00e1 situado en la planta baja. Este sal\u00f3n-bar de 55 m\u00b2 es ideal para sus reuniones, conferencias, showroom, sesiones de formaci\u00f3n, c\u00f3cteles, etc. Dispone de un punto de agua y una nevera. Capacidad del Sal\u00f3n-bar Chareau en funci\u00f3n de las distintas distribuciones posibles: 15 15 20 40 50 30 &nbsp; Las salas [&hellip;]<\/p>\n","protected":false},"author":5,"featured_media":3327,"parent":3304,"menu_order":0,"comment_status":"closed","ping_status":"closed","template":"","meta":{"footnotes":""},"class_list":["post-3326","page","type-page","status-publish","has-post-thumbnail","hentry"],"_links":{"self":[{"href":"https:\/\/www.legrandhoteltours.com\/es\/wp-json\/wp\/v2\/pages\/3326","targetHints":{"allow":["GET"]}}],"collection":[{"href":"https:\/\/www.legrandhoteltours.com\/es\/wp-json\/wp\/v2\/pages"}],"about":[{"href":"https:\/\/www.legrandhoteltours.com\/es\/wp-json\/wp\/v2\/types\/page"}],"author":[{"embeddable":true,"href":"https:\/\/www.legrandhoteltours.com\/es\/wp-json\/wp\/v2\/users\/5"}],"replies":[{"embeddable":true,"href":"https:\/\/www.legrandhoteltours.com\/es\/wp-json\/wp\/v2\/comments?post=3326"}],"version-history":[{"count":2,"href":"https:\/\/www.legrandhoteltours.com\/es\/wp-json\/wp\/v2\/pages\/3326\/revisions"}],"predecessor-version":[{"id":3473,"href":"https:\/\/www.legrandhoteltours.com\/es\/wp-json\/wp\/v2\/pages\/3326\/revisions\/3473"}],"up":[{"embeddable":true,"href":"https:\/\/www.legrandhoteltours.com\/es\/wp-json\/wp\/v2\/pages\/3304"}],"wp:featuredmedia":[{"embeddable":true,"href":"https:\/\/www.legrandhoteltours.com\/es\/wp-json\/wp\/v2\/media\/3327"}],"wp:attachment":[{"href":"https:\/\/www.legrandhoteltours.com\/es\/wp-json\/wp\/v2\/media?parent=3326"}],"curies":[{"name":"wp","href":"https:\/\/api.w.org\/{rel}","templated":true}]}}

Salón-bar Chareau

<p>El salón-bar Chareau está situado en la planta baja.</p>
<p>Este salón-bar de 55 m² es ideal para sus reuniones, conferencias, <em>showroom</em>, sesiones de formación, cócteles, etc.</p>
<p>Dispone de un punto de agua y una nevera.</p>
<p><strong>Capacidad del Salón-bar Chareau en función de las distintas distribuciones posibles:</strong></p>
<table class="oct_table_salle">
<tbody>
<tr>
<td><img data-dominant-color="d5d5d5" data-has-transparency="false" style="--dominant-color: #d5d5d5;" decoding="async" class="aligncenter wp-image-332 not-transparent" src="https://www.legrandhoteltours.com/wp-content/uploads/photo-636295010295298358-1.jpeg" alt=""></td>
<td><img data-dominant-color="c7c7c7" data-has-transparency="false" style="--dominant-color: #c7c7c7;" decoding="async" class="wp-image-334 aligncenter not-transparent" src="https://www.legrandhoteltours.com/wp-content/uploads/photo-636295010446901832-1.jpeg" alt=""></td>
<td><img data-dominant-color="cecece" data-has-transparency="false" style="--dominant-color: #cecece;" decoding="async" class="aligncenter wp-image-336 not-transparent" src="https://www.legrandhoteltours.com/wp-content/uploads/photo-636295010509459206-1.jpeg" alt=""></td>
<td><img data-dominant-color="dddddd" data-has-transparency="false" style="--dominant-color: #dddddd;" decoding="async" class="aligncenter wp-image-338 not-transparent" src="https://www.legrandhoteltours.com/wp-content/uploads/photo-636295010660396884-1.jpeg" alt=""></td>
<td><img data-dominant-color="d9d9d9" data-has-transparency="false" style="--dominant-color: #d9d9d9;" decoding="async" class="aligncenter wp-image-340 not-transparent" src="https://www.legrandhoteltours.com/wp-content/uploads/photo-636295010707897016-1.jpeg" alt=""></td>
<td><img data-dominant-color="d4d4d4" data-has-transparency="false" style="--dominant-color: #d4d4d4;" decoding="async" class="aligncenter wp-image-342 not-transparent" src="https://www.legrandhoteltours.com/wp-content/uploads/photo-636295010742287825-1.jpeg" alt=""></td>
</tr>
<tr>
<td>
<h3>15</h3>
</td>
<td>
<h3>15</h3>
</td>
<td>
<h3>20</h3>
</td>
<td>
<h3>40</h3>
</td>
<td>
<h3>50</h3>
</td>
<td>
<h3>30</h3>
</td>
</tr>
</tbody>
</table>
<p>&nbsp;</p>
<p><strong>Las salas tienen aire acondicionado, luz natural y cuentan con el siguiente equipamiento:</strong></p>
<ul>
<li>Conexión internet WIFI</li>
<li>Pantalla</li>
<li>Rotafolio</li>
<li>Material de papelería</li>
<li>Agua para las mesas</li>
<li>Previa petición, podremos proporcionarle un equipamiento específico (videoproyector, equipo de sonido, nevera, espejos, biombos, etc.).</li>
</ul>
<p>&nbsp;</p>
<p><strong><em>El Grand Hôtel de Tours recupera la esencia de los años 30.</em></strong></p>
<p><em>Cuando se construyó el hotel, el decorador Pierre Chareau había imaginado un salón de correspondencia y lectura en la planta baja. Hoy, completamente restaurado en sus volúmenes de origen con sus luminarias y sus elementos de decoración, se ha convertido en el bar del Grand Hôtel de Tours.</em></p>
<p>&nbsp;</p>

<p>El salón-bar Chareau está situado en la planta baja. Este salón-bar de 55 m² es ideal para sus reuniones, conferencias, showroom, sesiones de formación, cócteles, etc. Dispone de un punto de agua y una nevera. Capacidad del Salón-bar Chareau en función de las distintas distribuciones posibles: 15 15 20 40 50 30 &nbsp; Las salas [&hellip;]</p>
